12/12). Suppose -g - g + o = -7, -t*o = -3*g + 18. What is the highest common divisor of 2 and g?
1
Let j be 2/((-16)/20)*-2. Suppose -j*k + 0*k + 85 = 0. What is the greatest common divisor of 17 and k?
17
Let w(n) = 8*n**2 + 4. Let a be w(3). Suppose -3*k + x = -a, -4*k = 2*x - x - 99. Suppose -3*h = 4*h - 175. What is the highest common factor of k and h?
25
Let x be (6/5)/(-4*27/3600). Suppose 0 = -0*c - c - 8. Let m = c - x. What is the highest common factor of 4 and m?
4
Let b(i) = 5*i - 27. Let j be b(15). Calculate the highest common factor of j and 112.
16
Let a = -124 - -125. Calculate the highest common divisor of 4 and a.
1
Let j = 11 - -94. Suppose -3212*h + 798 = -3193*h. Calculate the greatest common divisor of h and j.
21
Suppose -36*s - 5 = -37*s. Suppose -170 = s*c - 5*x, c + 42 = 2*x - 5*x. Let n be 9/2*(-120)/c. Calculate the greatest common factor of n and 105.
15
Let n be 346/6 + (-5)/(-15). Calculate the greatest common factor of n and 87.
29
Suppose 6*k + 17 = -43. Let r(x) = -x**3 - 8*x**2 + 18*x + 5. Let i be r(k). What is the highest common factor of i and 10?
5
Suppose -4*c - 3 = -15. Let t = 6 - -4. Let o be ((-6)/t)/(13/(-65)). Calculate the greatest common factor of o and c.
3
Let a be (1040/195)/(32/(-18) - -2). Let w(x) = -x**3 - 9*x**2 + 5*x - 14. Let d be w(-10). What is the highest common divisor of a and d?
12
Suppose 2*c - 3*k = 111, -2*c - 6*k + 179 = 23. What is the highest common factor of 15 and c?
3
Suppose 5*s - 184 = 12*d - 10*d, -170 = -5*s - 5*d. Let t be 1*-2 + 12/2. What is the greatest common divisor of t and s?
4
Suppose -3*h + 56 = 2*q, -q = -2*h - 0*q + 49. Let c(s) = -2*s**3 - 7*s**2 - 3*s. Let j be c(-6). What is the greatest common factor of h and j?
22
Let a(o) = -o**2 - 7*o + 7. Let m be a(-7). Suppose -11*h + 47 + 30 = 0. What is the greatest common divisor of m and h?
7
Let q = 629 + -617. Calculate the highest common factor of q and 204.
12
Let q = 1043 + -251. Suppose -5*u = -2*u - q. What is the highest common factor of u and 24?
24
Let k(p) = 161*p + 19. Let b be k(1). Calculate the highest common divisor of 780 and b.
60
Let n = 81 - 48. Let u = n - 49. Let s be 3/(-4) - 124/u. Calculate the highest common divisor of s and 28.
7
Let w = -192 + 207. What is the highest common divisor of w and 825?
15
Suppose -2*d + 15035 = 5*c - 7*d, -5*c + 15011 = 3*d. Let y be 1/(-5) - c/40*-2. Calculate the highest common factor of 15 and y.
15
Let j be 125/10 + (-2)/(-4). Suppose a = 6*a + 5*b - 20, 3*a = 5*b - 12. Let n be ((0 - a) + 27)/2. What is the highest common divisor of n and j?
13
Let c(q) = -38*q + 71. Let u be c(-6). What is the highest common factor of u and 13?
13
Suppose -5*b = -2*b - 6. Suppose -5*o + 2 = -m - 6, b = m. Let u(t) = 9*t - 1. Let w be u(o). What is the greatest common divisor of w and 153?
17
Suppose -z + 5*o - 120 = -2*z, 0 = -5*z + o + 730. Let n = 221 - z. Let f = n + -32. What is the greatest common factor of 4 and f?
4
Let f = 142 + -139. What is the highest common divisor of f and 7?
1
Let b be 1/(-5) + 14/70. Suppose b = -3*j + 71 + 73. What is the greatest common divisor of 6 and j?
6
Let c = 122 - 68. Let v = c + -14. Suppose -z = -6*z + v. What is the highest common divisor of 4 and z?
4
Suppose -34*r + 6139 = -2157. Calculate the greatest common factor of 4 and r.
4
Let w be (14/3)/((-14)/(-42)). Calculate the highest common factor of 56 and w.
14
Suppose 19*w - 480 = 16*w. What is the highest common divisor of 5 and w?
5
Let t be (2 - -1) + 482 + 5. What is the highest common divisor of t and 10?
10
Let r(i) = 9*i**2 + 20*i - 44. Let z be r(4). Suppose 7*m - 360 = 2*m. Calculate the greatest common divisor of z and m.
36
Let z be (-7)/((-51)/(-9) - 6). What is the greatest common factor of z and 35?
7
Suppose -6*r + 5*r + 40 = 2*k, 3*r - 99 = k. What is the highest common divisor of 782 and r?
34
Suppose 3*h - 4*i = -2*i + 24, -3*h - i = -15. What is the highest common divisor of 2 and h?
2
Let l(j) = j**3 + 3*j**2 - j - 5. Let z be l(-3). Let u(o) = o**2 + 5*o + 7. Let g be u(z). What is the greatest common factor of 4 and g?
1
Let d(q) = -3*q**3 - 7*q**2 - 8*q + 4. Let p be d(-2). What is the highest common divisor of p and 52?
4
Let k = 732 - 422. What is the greatest common divisor of 10 and k?
10
Let u(y) = -y**2 + 31*y + 84. Let k be u(25). What is the greatest common divisor of 52 and k?
26
Let c = -3138 + 3156. What is the greatest common divisor of 1152 and c?
18
Let l be 23 - (6/2 + 2) - -2. What is the greatest common factor of l and 230?
10
Suppose -48 = -u - u. Let l = 41 + -41. Suppose -60 = -2*f - l*f + 4*b, 3*b = -f + 45. Calculate the highest common factor of f and u.
12
Let d be ((-4)/(-10))/((-4)/(-100)) - 2. What is the greatest common divisor of d and 28?
4
Let g(n) = 9*n + 1. Let j be g(3). Let s = -3163 + 3471. What is the highest common divisor of s and j?
28
Let f be 38 + 1*(-2 + 0). Let r = 108 + f. Suppose -l - 11 = -3*o - 44, 0 = -l - 4*o - 2. Calculate the greatest common divisor of r and l.
18
Suppose -2*d - 55 = -4*g - 5*d, -5*d = -5*g + 95. Suppose 0 = 4*t - 44 - g. Suppose 303 = 6*x + 33. What is the greatest common factor of x and t?
15
Let y be (28/8 + -2)*204. Suppose 28*o = 11*o + y. Calculate the greatest common factor of 198 and o.
18
Let c be (-1 + (-22)/10)/(53/(-1325)). What is the greatest common factor of 64 and c?
16
Suppose 5*i + 3*s = -534, -3*s = -5*i - 6 - 510. Let u be ((-4)/6)/(7/i). Calculate the greatest common factor of u and 40.
10
Let a = 16 + 19. Let l = 273 - 573. Let p be (-2)/(-3) + (1 - l/9). Calculate the greatest common factor of a and p.
35
Let z(g) = 13*g - 39. Let l be z(15). What is the highest common factor of l and 234?
78
Let g = 78 - 35. Let h = -7 + g. What is the highest common factor of 12 and h?
12
Let h be 4/(-6) + 87/9. Calculate the highest common factor of h and 117.
9
Let w be 27/(4 + 3 + -6). Let g = -18 + w. What is the greatest common factor of g and 1?
1
Let a = -471 - -491. Calculate the highest common divisor of a and 170.
10
Suppose -15*x = 2*x - 1071. What is the highest common divisor of x and 42?
21
Let i(o) = -o**3 + 22*o**2 - 22*o + 53. Let s be i(21). Calculate the highest common divisor of s and 124.
4
Suppose 5*l - 32 = 4*l. Let d = l - 25. Suppose -d*m + 90 = -2*m. What is the highest common divisor of m and 90?
18
Suppose 3*q - 9 = 3*w + 36, 5*w = 25. Let b(f) = 11*f**2 - f - 2. Let a be b(2). What is the greatest common factor of q and a?
20
Let k = 1048 - 719. Suppose -1076*h = -1069*h - 35. Suppose -h*j - k = -1029. What is the greatest common divisor of 14 and j?
14
Suppose 16 = 9*j - 416. Suppose -5*q + g = -177, 9 = -0*g + 3*g. Calculate the greatest common divisor of j and q.
12
Suppose g - 4 = 1. Let v = -48 + 44. Let l be (0 + -20)*g/v. Calculate the highest common divisor of l and 10.
5
Let g(v) = -v**3 + 7*v**2 - 8*v + 4. Let m be g(6). Let b be 2*(132/m)/(-3). What is the greatest common divisor of b and 99?
11
Let l = -34 + 31. Let v = l + 11. Calculate the greatest common factor of 32 and v.
8
Suppose -l = -3*p + 7, 1 - 18 = -3*p - l. Suppose m = -2*i + 1 + 15, p*i - 8 = 0. Let x = 245 - 173. What is the highest common factor of x and m?
12
Let l(x) = x**3 - 4*x**2 - 2*x - 2. Let t be l(5). Let b = t + 0. Calculate the greatest common factor of b and 52.
13
Suppose h + h + 30 = 4*s, -4*h + 3*s - 55 = 0. Let f = 5 - h. Suppose -3*l + l = -f. Calculate the highest common factor of l and 36.
9
Let u be (-2 - 0)*(-393)/6. Let q = u - 53. Let c be ((-104)/10)/((-2)/10). Calculate the highest common factor of q and c.
26
Suppose -10*d + 4 = -9*d. Suppose 0 = -c + 2*c + d, c - 172 = -2*q. Calculate the greatest common factor of q and 8.
8
Let g(o) = o**2 - 3*o - 1. Let y be g(5). Let h = y - 5. Let s be (7/(-2))/(14/(-24)). Calculate the highest common factor of s and h.
2
Let g = 180 + -162. Calculate the highest common divisor of g and 216.
18
Let t be -1 + 165/2 - (-10)/4. What is the greatest common divisor of 108 and t?
12
Suppose 0 = 14*u + 29 - 337. Calculate the greatest common factor of 539 and u.
11
Suppose -14*i + 2*o + 522 = -9*i, 3*o + 3 = 0. Let f(r) = 4*r - 7. Let s be f(5). What is the highest common divisor of s and i?
13
Let c 